16 + 5 + (19 - 9).
-1
Calculate 14 - (25 + -13 - 5).
7
417 - 428 - (0 + -6)
-5
Calculate (0 + 4 - (-2 + 2)) + -9 + 13.
8
0 + 4 + (-3 - 7) + 3 + 2
-1
33 + -49 + (-3 - -2)
-17
Evaluate -5 + (5 - 2) - (-59 - -57).
0
What is (-7 - (25 + -11)) + 10?
-11
What is 89 + -99 + 3 + -1?
-8
What is 5 - (-15 - (-66 - -30))?
-16
Evaluate 8 - 9 - -13 - (7 - -1) - -4.
8
Calculate (10 - 8 - (0 + -2 + 5)) + -16.
-17
Evaluate (-28 - (8 + -18)) + (12 - 10).
-16
What is the value of (1 + 42 + -84 + 73 - 1) + -8?
23
Evaluate (-6 - 0) + 19 + 3 + -7 + 7.
16
What is the value of 39 + (13 - (10 + 20))?
22
What is the value of 1 - (-1 - (6 + (-8 - (-5 - 0))))?
5
23 + -1 + (-20 - -20) - (-14 - -20)
16
(0 - -4) + -8 - (-6 - (-7 + -3))
-8
What is the value of (44 - (9 + 37)) + (15 - (1 - 2))?
14
Evaluate -2 + (11 - (12 + 6)) + -9.
-18
Calculate 11 - (7 + 1 + -3 - -1 - 8).
13
Evaluate 0 + 18 + -5 + 0 - (-18 - -19).
12
What is -15 + (-27 - -27 - -9)?
-6
Calculate -15 - -7 - ((-37 - -13) + (7 - 1)).
10
What is -15 + 1 + -14 - -11?
-17
-6 + (-12 - (3 + -11) - (-15 - -4))
1
10 + 2 - (-7 - (0 + (5 - 8)))
16
1 + -17 - (83 - 87)
-12
What is (-2 - 11) + (13 + 0 - 11 - 7)?
-18
What is (-10 - -13) + -13 + 6?
-4
Evaluate -17 + 18 + -10 + 5 - (1 - 1).
-4
Calculate 7 + 0 - (-2 + 15) - -12 - 3.
3
What is 8 - -10 - (-5 + (-18 - -19))?
22
Evaluate 0 - (-2 + -3 - 3) - (-115 - -118).
5
What is the value of (16 - (6 + -28 - -33)) + -1 + -9?
-5
6 + (-7 - (-3 + -7))
9
(-7 + 10 + 1 - 1) + 1
4
Calculate -7 + -1 + (0 - 11 - 15) + 2.
-32
Calculate -4 + -34 + 73 + -64.
-29
Calculate 1 + -6 + (-12 - (-17 + -10)).
10
(-9 - -19 - 14) + (-1 - 0)
-5
What is 0 - -6 - (924 + -906)?
-12
Evaluate 0 - (-1 - 7) - 19.
-11
Evaluate -7 - (-4 + (-8 - 0) + 16 + -37).
26
(5 - 1 - -1) + (-31 - (1 - 24))
-3
What is (-9 - -8 - -12) + -15 - 6?
-10
What is the value of -1 - 9 - (1 - 9) - 4?
-6
(2 - 23 - -12) + 2 + 1
-6
Evaluate 2 + (-7 - (11 + -25)).
9
(0 - -14) + -57 + 52
9
What is 2 + (6 - 4 - -6 - 11)?
-1
Calculate (-1 - -19) + -7 + 0 + 4 - 4.
11
What is the value of 4 - -4 - (27 + 0)?
-19
What is the value of (3 - 4 - -8) + (2 - 8) + 2?
3
Calculate (-15 - (58 - 71)) + 1 + 1 + -1.
-1
Evaluate 58 - 62 - (10 - 3) - -35.
24
What is -3 + 2 + (9 - (2 - -6 - 3))?
3
Evaluate -4 - (-3 + -7 + 13).
-7
What is the value of (-10 - -15) + -10 + -1?
-6
23 - (19 - (10 + -26))
-12
Calculate 19 - 4 - ((-13 - -13) + (0 - 9)).
24
(6 - -2) + (-3 - -1) - (320 - 305)
-9
What is the value of 2 + 10 + -11 + 2?
3
What is (-10 - 15) + 11 + (-2 - -11)?
-5
What is the value of 43 - 47 - (6 - 21)?
11
What is -73 - -90 - (-1 - 5)?
23
What is the value of 73 + -81 + (3 - (1 + 0))?
-6
-7 - ((-155 - -143) + 10 + 1 + -23)
17
Evaluate -3 + (-19 + -2 - -9).
-15
What is (127 - 136) + (1 - -15)?
7
What is 0 + (-6 + 1 + (-9 - -10) - -7)?
3
Calculate 36 + -18 + 2 + -9 + -1.
10
What is 9 - ((2 - 2) + (-6 - -9)) - 2?
4
-2 + (10 - 8) + (4 - (0 - -2))
2
Calculate -6 + 2 + 0 + 0 + -8 + 12.
0
Calculate (1 - 8) + (12 + -21 - -28).
12
Calculate 3 + 29 + 13 + -21 + -7.
17
Calculate (29 + -23 - (3 + 0 + 1)) + 3.
5
What is -21 + (25 - -2) + 0?
6
What is the value of (3 + -1 - -7) + (15 - 21 - 1)?
2
Evaluate 9 + 4 + 0 + -9.
4
Evaluate 24 + (-3 - 1) - (3 + -2 - -2).
17
What is (-6 + -1 - 0) + -646 + 664?
11
10 - (-28 - (10 + -20 - (-5 - 4)))
37
25 + -35 + (-4 - -30)
16
What is -3 + -2 + 8 - 15 - (-2 + 1)?
-11
-44 + (2 - -7) + -7 + (13 - 9)
-38
9 + 11 + -32 + 24
12
What is the value of 324 + -315 - (1 + 1 - 6)?
13
What is 35 + (-25 - 23 - -4)?
-9
Calculate -2 + 31 + (-55 - -21).
-5
12 + (3 - 21) + (-1 - -8)
1
What is 16 - 11 - (3 - 2 - 1)?
5
Calculate 3 + (1 + -3 - (0 - -8 - 2)).
-5
(-6 - (-3 - 10)) + -8 + 1
0
What is 69 + (-133 - -66) - (0 + -3)?
5
What is 8 - (9 + -9) - 15?
-7
What is 2 + 9 - (4 + (-2 - 7) + 5)?
11
What is the value of -9 - ((-13 - (5 + -14)) + (1 - 0))?
-6
-3 + -5 - (10 + 4 + (-12 - -9))
-19
What is -5 - (6 + 6 + 0) - -8 - -3?
-6
What is (5 - (-3 + 10 - 0)) + 18?
16
Calculate (-5 - -28) + 5 + (-5 - 5) + 3.
21
Calculate -2 + 13 + -18 + (-3 - 1 - -15).
4
Evaluate (-2 + 6 - 0 - 9) + (1 - 3).
-7
Calculate 9 - ((-22 - -21) + -3 + -2 - -12).
3
Calculate -1 + -28 + 11 + (-10 - -13).
-15
-175 + 171 - (-11 + (0 - 2))
9
Evaluate 12 + 1 + 20 + -16.
17
Calculate 12 - (-5 + (-10 - -15 - 0) + 1).
11
What is -218 + 241 - (1 + 7 + 0) - -2?
17
6 - (2 + -1) - (9 - (-2 + -3))
-9
Evaluate 5 - ((3 - -5) + 1 - 4).
0
What is 5 + -3 - -2 - (11 + 26 + 0)?
-33
Calculate 10 + -9 - (-188 - -174).
15
Calculate (-6 - -3) + 4 + 2 + -4 - 3.
-4
What is 7 + (-32 - (-3 - 8) - -9)?
-5
What is 8 - (4 - (3 - 2) - (-35 + 40))?
10
What is -1 + 1 + -27 - (29 + 7 - 39)?
-24
Evaluate (16 - 25) + 12 + -5.
-2
What is -2 + -10 + -4 + 5 - (1 + -8)?
-4
Evaluate 9 + (-4 - -3 - -1).
9
What is the value of (-90 - -90) + 0 + -1 + 8?
7
Calculate 22 + 3 + -14 + (-26 - 10).
-25
Calculate 11 + -53 + (38 - 9).
-13
Evaluate (-28 - -22) + (2 - 0) + -1.
-5
-12 - (-15 + -5 + (-11 - -30))
-11
Calculate 5 + (-1 + 8 - 4).
8
-1 + (-8 + 0 - (25 - (26 - -16)))
8
2 + (-3 - 11) + 34 + (-46 - -20)
-4
What is the value of -22 + -5 + -4 + 8 - -7?
-16
Evaluate -1 - -15 - (3 - (-15 - -19)).
15
What is the value of (2 - (-2 + 2)) + -1122 + 1119?
-1
What is (0 - -7) + (2 - -6) + -5 + 6?
16
Calculate 22 + -39 - (4 + -12 + -2).
-7
What is the value of -1 + 31 - (975 + -978)?
33
(22 - 3 - (-10 - -14 - -6)) + -34
-25
What is the value of (-17 - -6) + 7 - -5 - (18 + -9)?
-8
What is the value of -1 + (3 - (-4 - -11 - -4))?
-9
(4 - 2) + (12 - 6) + -15
-7
Calculate -12 - (-6 - 5 - -2).
-3
What is the value of (1 - -18) + -1480 + 1499?
38
What is the value of 2 + (-3 + -2 - (-9 - -3 - 1))?
4
What is (-106 - -109) + (1 + 1 - 11)?
-6
What is the value of 11 + (4 + -8 - (-41 - -63))?
-15
What is -2 + 3 - ((22 - 16) + 0 + 2)?
-7
(-1 - 6) + (30 - (12 - 13)) + -4
20
-12 - -7 - ((-12 - 6) + -1)
14
Calculate (-10 - -42) + -33 - (-2 + 1).
0
26 + (-28 - -11) + 3 + -25
-13
What is (773 - 744) + -9 + -1?
19
What is -8 + (24 - 23) + -2?
-9
7 + (22 - 14) - (5 + -9 + 2)
17
Calculate 2 - (-2 - 1) - 2 - (-335 - -336).
2
(-11 - (7 - 12)) + 3 + -2
-5
What is the value of -17 - ((17 - 15) + 5 - -13)?
-37
What is -1 - -22 - ((4 - 13 - -12) + -1)?
19
(1 - 8) + -1 + (22 + -8 - 15)
-9
(1 - 9) + -88 + 110
14
What is the value of (-18 - -10) + 4 + (3 - 1) + -9?
-11
Calculate (56 - 1) + 10 + (0 - 25).
40
Calculate -17 + -15 + 28 + -2 + -1 + 5.
-2
What is (60 - 36 - -19) + -36?
7
What is -26 - (14 + 31) - -39?
-32
Calculate (-3 + 0 - (1 - -11)) + 9.
-6
Calculate -26 + (-13 - -22) + 7.
-10
Evaluate -1 + -25 + (26 + -47 - -27) - 8.
-28
Calculate (4 - (21 - 7)) + 6 - (0 - 12).
8
What is the value of 0 + -8 + (31 - 9)?
14
-18 + -18 + 35 + (17 - 36)
-20
What is 1 + 1 + (-12 - -23 - 5) + -1?
7
Evaluate 1 - ((-3 + 2 + 0 - 3) + -5).
10
(32 - 38) + 16 - 5
5
What is -1 - -3 - (349 - 342)?
-5
(3 - 0 - 2 - 0) + (-582 - -591)
10
Calculate 35 + (0 - 7 - (85 - 99)) + -16.
26
Calculate (-39 - -7) + 8 + 6.
-18
20 - (-44 - -23 - -26)
15
What is the value of 440 - 437 - (1 - 1 - (1 + 8))?
12
-12 + 2 + 0 + -13 + 20
-3
What is the value of 9 + (-23 - 4 - ((13 - 4) + -4))?
-23
15 - ((7 - 12) + 15)
5
(8 - 6) + 4 + -15 - -33
24
What is the value of (-24 - -7) + (0 - (-4 - (-1 - -2)))?
-12
What is 4 + 7 + (2 - (-2 + 4))?
11
What is (13 - (22 - -9)) + 12 + (2 - -1)?
-3
9 + 11 + -27 + (7 - 0)
0
Calculate 11 - (-19 + (-12 - (-32 + 10))).
20
Evaluate (30 - 3) + -17 - (-1 + 6).
5
Evaluate 3 + 3 + 1 + -2 + (18 - 23).
0
What is -12 - (0 + -14 + 16 + (3 - 1))?
-16
What is the value of -15 - (2 - -10 - 28)?
1
-14 + 2 + 4 - (-108 + 90)
10
What is 8 + (-6 - (7 - 11))?
6
-3 + 17 - (13 + 9)
-8
Evaluate (-18 - -2) + 43 + -84 + 48.
-9
Calculate 13 + -5 + 5 + 5 - (35 + -24).
7
What is -2 - (11 - (3 - (14 - 25)))?
1
15 + (27 - (12 + 51))
-21
What is 3 + -18 - (167 - 180)?
-2
Calculate -3 - (-12 - -6) - (32 + -4 + 0).
-25
Evaluate 6 + 6 + (-9 - -2).
5
Evaluate (-13 - 5) + 12 + (-5 - -2) + -13.
-22
Evaluate (11 - (5 - (6 + -2)) - -17) + 2.
29
What is the value of -28 + -11 + -7 + 26 - -1?
-19
What is -2 + 5 + 3 + (-23 - -8)?
-9
(-12 + 26 - 21) + (-9 - -6)
-10
21 + 9 + -13 - 2
15
What is the value of 5 - (-4 - -11 - 13 - -6)?
5
-8 - ((-1 - 17) + 49 + -53)
14
What is 2 - (-4 - -10 - (6 + (1 - 3)))?
0
Ca